{"id":45,"date":"2020-11-20T13:43:37","date_gmt":"2020-11-20T13:43:37","guid":{"rendered":"https:\/\/flowcontroleng.com\/?page_id=45"},"modified":"2020-12-11T10:30:44","modified_gmt":"2020-12-11T10:30:44","slug":"salas-de-climatizacion","status":"publish","type":"page","link":"https:\/\/flowcontroleng.com\/index.php\/salas-de-climatizacion\/","title":{"rendered":"salas de climatizacion"},"content":{"rendered":"\t\t<div data-elementor-type=\"wp-page\" data-elementor-id=\"45\" class=\"elementor elementor-45\" data-elementor-settings=\"[]\">\n\t\t\t\t\t\t<div class=\"elementor-inner\">\n\t\t\t\t\t\t\t<div class=\"elementor-section-wrap\">\n\t\t\t\t\t\t\t<section class=\"elementor-section elementor-top-section elementor-element elementor-element-406fa9d4 elementor-section-boxed elementor-section-height-default elementor-section-height-default\" data-id=\"406fa9d4\" data-element_type=\"section\">\n\t\t\t\t\t\t\t<div class=\"elementor-background-overlay\"><\/div>\n\t\t\t\t\t\t\t<div class=\"elementor-container elementor-column-gap-default\">\n\t\t\t\t\t\t\t<div class=\"elementor-row\">\n\t\t\t\t\t<div class=\"elementor-column elementor-col-100 elementor-top-column elementor-element elementor-element-37b20740\" data-id=\"37b20740\" data-element_type=\"column\">\n\t\t\t<div class=\"elementor-column-wrap elementor-element-populated\">\n\t\t\t\t\t\t\t<div class=\"elementor-widget-wrap\">\n\t\t\t\t\t\t<div class=\"elementor-element elementor-element-454b823 elementor-widget elementor-widget-heading\" data-id=\"454b823\" data-element_type=\"widget\" data-widget_type=\"heading.default\">\n\t\t\t\t<div class=\"elementor-widget-container\">\n\t\t\t<h2 class=\"elementor-heading-title elementor-size-default\">SALAS DE CLIMATIZACI\u00d3N<\/h2>\t\t<\/div>\n\t\t\t\t<\/div>\n\t\t\t\t<div class=\"elementor-element elementor-element-21e60776 elementor-widget-divider--view-line elementor-widget elementor-widget-divider\" data-id=\"21e60776\" data-element_type=\"widget\" data-widget_type=\"divider.default\">\n\t\t\t\t<div class=\"elementor-widget-container\">\n\t\t\t\t\t<div class=\"elementor-divider\">\n\t\t\t<span class=\"elementor-divider-separator\">\n\t\t\t\t\t\t<\/span>\n\t\t<\/div>\n\t\t\t\t<\/div>\n\t\t\t\t<\/div>\n\t\t\t\t\t\t<\/div>\n\t\t\t\t\t<\/div>\n\t\t<\/div>\n\t\t\t\t\t\t\t\t<\/div>\n\t\t\t\t\t<\/div>\n\t\t<\/section>\n\t\t\t\t<section class=\"elementor-section elementor-top-section elementor-element elementor-element-52f8c32c elementor-section-full_width elementor-section-height-default elementor-section-height-default\" data-id=\"52f8c32c\" data-element_type=\"section\" data-settings=\"{&quot;background_background&quot;:&quot;video&quot;,&quot;background_video_link&quot;:&quot;https:\\\/\\\/flowcontroleng.com\\\/wp-content\\\/uploads\\\/2020\\\/11\\\/file.mp4&quot;,&quot;background_video_start&quot;:0}\">\n\t\t\t\t\t\t\t\t<div class=\"elementor-background-video-container elementor-hidden-phone\">\n\t\t\t\t\t\t\t\t\t\t\t\t\t<video class=\"elementor-background-video-hosted elementor-html5-video\" autoplay muted playsinline loop><\/video>\n\t\t\t\t\t\t\t\t\t\t\t<\/div>\n\t\t\t\t\t\t\t\t\t<div class=\"elementor-background-overlay\"><\/div>\n\t\t\t\t\t\t\t<div class=\"elementor-container elementor-column-gap-no\">\n\t\t\t\t\t\t\t<div class=\"elementor-row\">\n\t\t\t\t\t<div class=\"elementor-column elementor-col-100 elementor-top-column elementor-element elementor-element-64fe499c\" data-id=\"64fe499c\" data-element_type=\"column\">\n\t\t\t<div class=\"elementor-column-wrap elementor-element-populated\">\n\t\t\t\t\t\t\t<div class=\"elementor-widget-wrap\">\n\t\t\t\t\t\t<section class=\"elementor-section elementor-inner-section elementor-element elementor-element-26a92bf elementor-section-full_width seccion-1 elementor-section-height-default elementor-section-height-default\" data-id=\"26a92bf\" data-element_type=\"section\">\n\t\t\t\t\t\t\t<div class=\"elementor-background-overlay\"><\/div>\n\t\t\t\t\t\t\t<div class=\"elementor-container elementor-column-gap-extended\">\n\t\t\t\t\t\t\t<div class=\"elementor-row\">\n\t\t\t\t\t<div class=\"elementor-column elementor-col-33 elementor-inner-column elementor-element elementor-element-2f8bfd1b\" data-id=\"2f8bfd1b\" data-element_type=\"column\" data-settings=\"{&quot;background_background&quot;:&quot;classic&quot;}\">\n\t\t\t<div class=\"elementor-column-wrap elementor-element-populated\">\n\t\t\t\t\t\t\t<div class=\"elementor-widget-wrap\">\n\t\t\t\t\t\t<div class=\"elementor-element elementor-element-34a00e73 elementor-widget elementor-widget-image\" data-id=\"34a00e73\" data-element_type=\"widget\" data-widget_type=\"image.default\">\n\t\t\t\t<div class=\"elementor-widget-container\">\n\t\t\t\t\t<div class=\"elementor-image\">\n\t\t\t\t\t\t\t\t\t\t<img loading=\"lazy\" decoding=\"async\" width=\"927\" height=\"789\" src=\"https:\/\/flowcontroleng.com\/wp-content\/uploads\/2020\/12\/4x1.png\" class=\"attachment-large size-large\" alt=\"\" srcset=\"https:\/\/flowcontroleng.com\/wp-content\/uploads\/2020\/12\/4x1.png 927w, https:\/\/flowcontroleng.com\/wp-content\/uploads\/2020\/12\/4x1-300x255.png 300w, https:\/\/flowcontroleng.com\/wp-content\/uploads\/2020\/12\/4x1-768x654.png 768w\" sizes=\"auto, (max-width: 927px) 100vw, 927px\" \/>\t\t\t\t\t\t\t\t\t\t\t<\/div>\n\t\t\t\t<\/div>\n\t\t\t\t<\/div>\n\t\t\t\t\t\t<\/div>\n\t\t\t\t\t<\/div>\n\t\t<\/div>\n\t\t\t\t<div class=\"elementor-column elementor-col-33 elementor-inner-column elementor-element elementor-element-26a01bad\" data-id=\"26a01bad\" data-element_type=\"column\" data-settings=\"{&quot;background_background&quot;:&quot;classic&quot;}\">\n\t\t\t<div class=\"elementor-column-wrap elementor-element-populated\">\n\t\t\t\t\t\t\t<div class=\"elementor-widget-wrap\">\n\t\t\t\t\t\t<div class=\"elementor-element elementor-element-7388315e elementor-widget elementor-widget-image\" data-id=\"7388315e\" data-element_type=\"widget\" data-widget_type=\"image.default\">\n\t\t\t\t<div class=\"elementor-widget-container\">\n\t\t\t\t\t<div class=\"elementor-image\">\n\t\t\t\t\t\t\t\t\t\t<img loading=\"lazy\" decoding=\"async\" width=\"822\" height=\"700\" src=\"https:\/\/flowcontroleng.com\/wp-content\/uploads\/2020\/12\/sala.png\" class=\"attachment-large size-large\" alt=\"\" srcset=\"https:\/\/flowcontroleng.com\/wp-content\/uploads\/2020\/12\/sala.png 822w, https:\/\/flowcontroleng.com\/wp-content\/uploads\/2020\/12\/sala-300x255.png 300w, https:\/\/flowcontroleng.com\/wp-content\/uploads\/2020\/12\/sala-768x654.png 768w\" sizes=\"auto, (max-width: 822px) 100vw, 822px\" \/>\t\t\t\t\t\t\t\t\t\t\t<\/div>\n\t\t\t\t<\/div>\n\t\t\t\t<\/div>\n\t\t\t\t\t\t<\/div>\n\t\t\t\t\t<\/div>\n\t\t<\/div>\n\t\t\t\t<div class=\"elementor-column elementor-col-33 elementor-inner-column elementor-element elementor-element-d66c70f\" data-id=\"d66c70f\" data-element_type=\"column\" data-settings=\"{&quot;background_background&quot;:&quot;classic&quot;}\">\n\t\t\t<div class=\"elementor-column-wrap elementor-element-populated\">\n\t\t\t\t\t\t\t<div class=\"elementor-widget-wrap\">\n\t\t\t\t\t\t<div class=\"elementor-element elementor-element-477ba16 elementor-widget elementor-widget-image\" data-id=\"477ba16\" data-element_type=\"widget\" data-widget_type=\"image.default\">\n\t\t\t\t<div class=\"elementor-widget-container\">\n\t\t\t\t\t<div class=\"elementor-image\">\n\t\t\t\t\t\t\t\t\t\t<img loading=\"lazy\" decoding=\"async\" width=\"768\" height=\"654\" src=\"https:\/\/flowcontroleng.com\/wp-content\/uploads\/2020\/12\/Imagen-14-1-768x654.png\" class=\"attachment-medium_large size-medium_large\" alt=\"\" srcset=\"https:\/\/flowcontroleng.com\/wp-content\/uploads\/2020\/12\/Imagen-14-1-768x654.png 768w, https:\/\/flowcontroleng.com\/wp-content\/uploads\/2020\/12\/Imagen-14-1-300x255.png 300w, https:\/\/flowcontroleng.com\/wp-content\/uploads\/2020\/12\/Imagen-14-1.png 822w\" sizes=\"auto, (max-width: 768px) 100vw, 768px\" \/>\t\t\t\t\t\t\t\t\t\t\t<\/div>\n\t\t\t\t<\/div>\n\t\t\t\t<\/div>\n\t\t\t\t\t\t<\/div>\n\t\t\t\t\t<\/div>\n\t\t<\/div>\n\t\t\t\t\t\t\t\t<\/div>\n\t\t\t\t\t<\/div>\n\t\t<\/section>\n\t\t\t\t<section class=\"elementor-section elementor-inner-section elementor-element elementor-element-fae1fe1 seccion-1 elementor-section-boxed elementor-section-height-default elementor-section-height-default\" data-id=\"fae1fe1\" data-element_type=\"section\">\n\t\t\t\t\t\t\t<div class=\"elementor-background-overlay\"><\/div>\n\t\t\t\t\t\t\t<div class=\"elementor-container elementor-column-gap-default\">\n\t\t\t\t\t\t\t<div class=\"elementor-row\">\n\t\t\t\t\t<div class=\"elementor-column elementor-col-100 elementor-inner-column elementor-element elementor-element-752e6fb\" data-id=\"752e6fb\" data-element_type=\"column\">\n\t\t\t<div class=\"elementor-column-wrap elementor-element-populated\">\n\t\t\t\t\t\t\t<div class=\"elementor-widget-wrap\">\n\t\t\t\t\t\t<div class=\"elementor-element elementor-element-871f6f3 elementor-widget elementor-widget-heading\" data-id=\"871f6f3\" data-element_type=\"widget\" data-widget_type=\"heading.default\">\n\t\t\t\t<div class=\"elementor-widget-container\">\n\t\t\t<h2 class=\"elementor-heading-title elementor-size-default\">SALAS DE CLIMATIZACI\u00d3N (Centro de Datos\/CPD):<\/h2>\t\t<\/div>\n\t\t\t\t<\/div>\n\t\t\t\t<div class=\"elementor-element elementor-element-a939828 elementor-widget elementor-widget-text-editor\" data-id=\"a939828\" data-element_type=\"widget\" data-widget_type=\"text-editor.default\">\n\t\t\t\t<div class=\"elementor-widget-container\">\n\t\t\t\t\t<div class=\"elementor-text-editor elementor-clearfix\">Nuestro\ncliente deb\u00eda abordar la climatizaci\u00f3n de una sala repleta de\nservidores y otros equipamientos inform\u00e1ticos. El poco espacio\ndisponible y la gran cantidad de calor generado por los equipos\nrequiere estudiar el flujo de aire asegurando que la entrada a\ntodos los equipos se mantiene en las mejores condiciones de\noperaci\u00f3n con un coste de fr\u00edo m\u00ednimo.\nPara ello, elaboramos un modelo de la circulaci\u00f3n del aire por la\nsala y simulamos diferentes condiciones de operaci\u00f3n para que el\ncliente pudiera definir el equipamiento de climatizaci\u00f3n \u00f3ptimo\npara la misma.\nEl cliente sigue confiando en nosotros cada vez que un estudio\npormenorizado lo aconseja.<\/div>\n\t\t\t\t<\/div>\n\t\t\t\t<\/div>\n\t\t\t\t\t\t<\/div>\n\t\t\t\t\t<\/div>\n\t\t<\/div>\n\t\t\t\t\t\t\t\t<\/div>\n\t\t\t\t\t<\/div>\n\t\t<\/section>\n\t\t\t\t\t\t<\/div>\n\t\t\t\t\t<\/div>\n\t\t<\/div>\n\t\t\t\t\t\t\t\t<\/div>\n\t\t\t\t\t<\/div>\n\t\t<\/section>\n\t\t\t\t<section class=\"elementor-section elementor-top-section elementor-element elementor-element-144f7be elementor-section-full_width elementor-section-height-default elementor-section-height-default\" data-id=\"144f7be\" data-element_type=\"section\" data-settings=\"{&quot;background_background&quot;:&quot;video&quot;,&quot;background_video_link&quot;:&quot;https:\\\/\\\/flowcontroleng.com\\\/wp-content\\\/uploads\\\/2020\\\/11\\\/file.mp4&quot;,&quot;background_video_start&quot;:0}\">\n\t\t\t\t\t\t\t\t<div class=\"elementor-background-video-container elementor-hidden-phone\">\n\t\t\t\t\t\t\t\t\t\t\t\t\t<video class=\"elementor-background-video-hosted elementor-html5-video\" autoplay muted playsinline loop><\/video>\n\t\t\t\t\t\t\t\t\t\t\t<\/div>\n\t\t\t\t\t\t\t\t\t<div class=\"elementor-background-overlay\"><\/div>\n\t\t\t\t\t\t\t<div class=\"elementor-container elementor-column-gap-no\">\n\t\t\t\t\t\t\t<div class=\"elementor-row\">\n\t\t\t\t\t<div class=\"elementor-column elementor-col-100 elementor-top-column elementor-element elementor-element-70e2fb49\" data-id=\"70e2fb49\" data-element_type=\"column\">\n\t\t\t<div class=\"elementor-column-wrap elementor-element-populated\">\n\t\t\t\t\t\t\t<div class=\"elementor-widget-wrap\">\n\t\t\t\t\t\t<section class=\"elementor-section elementor-inner-section elementor-element elementor-element-19e00aec elementor-section-full_width seccion-1 elementor-section-height-default elementor-section-height-default\" data-id=\"19e00aec\" data-element_type=\"section\">\n\t\t\t\t\t\t\t<div class=\"elementor-background-overlay\"><\/div>\n\t\t\t\t\t\t\t<div class=\"elementor-container elementor-column-gap-extended\">\n\t\t\t\t\t\t\t<div class=\"elementor-row\">\n\t\t\t\t\t<div class=\"elementor-column elementor-col-33 elementor-inner-column elementor-element elementor-element-491498c7\" data-id=\"491498c7\" data-element_type=\"column\">\n\t\t\t<div class=\"elementor-column-wrap elementor-element-populated\">\n\t\t\t\t\t\t\t<div class=\"elementor-widget-wrap\">\n\t\t\t\t\t\t<div class=\"elementor-element elementor-element-9651e94 elementor-aspect-ratio-169 elementor-widget elementor-widget-video\" data-id=\"9651e94\" data-element_type=\"widget\" data-settings=\"{&quot;aspect_ratio&quot;:&quot;169&quot;}\" data-widget_type=\"video.default\">\n\t\t\t\t<div class=\"elementor-widget-container\">\n\t\t\t\t\t<div class=\"elementor-wrapper elementor-fit-aspect-ratio elementor-open-inline\">\n\t\t\t<iframe class=\"elementor-video-iframe\" allowfullscreen title=\"Reproductor de v\u00eddeo youtube\" src=\"https:\/\/www.youtube.com\/embed\/XHOmBV4js_E?feature=oembed&amp;start&amp;end&amp;wmode=opaque&amp;loop=0&amp;controls=1&amp;mute=0&amp;rel=0&amp;modestbranding=0\"><\/iframe>\t\t<\/div>\n\t\t\t\t<\/div>\n\t\t\t\t<\/div>\n\t\t\t\t\t\t<\/div>\n\t\t\t\t\t<\/div>\n\t\t<\/div>\n\t\t\t\t<div class=\"elementor-column elementor-col-33 elementor-inner-column elementor-element elementor-element-0c08da0\" data-id=\"0c08da0\" data-element_type=\"column\">\n\t\t\t<div class=\"elementor-column-wrap elementor-element-populated\">\n\t\t\t\t\t\t\t<div class=\"elementor-widget-wrap\">\n\t\t\t\t\t\t<div class=\"elementor-element elementor-element-a532a81 elementor-aspect-ratio-169 elementor-widget elementor-widget-video\" data-id=\"a532a81\" data-element_type=\"widget\" data-settings=\"{&quot;aspect_ratio&quot;:&quot;169&quot;}\" data-widget_type=\"video.default\">\n\t\t\t\t<div class=\"elementor-widget-container\">\n\t\t\t\t\t<div class=\"elementor-wrapper elementor-fit-aspect-ratio elementor-open-inline\">\n\t\t\t<iframe class=\"elementor-video-iframe\" allowfullscreen title=\"Reproductor de v\u00eddeo youtube\" src=\"https:\/\/www.youtube.com\/embed\/XHOmBV4js_E?feature=oembed&amp;start&amp;end&amp;wmode=opaque&amp;loop=0&amp;controls=1&amp;mute=0&amp;rel=0&amp;modestbranding=0\"><\/iframe>\t\t<\/div>\n\t\t\t\t<\/div>\n\t\t\t\t<\/div>\n\t\t\t\t\t\t<\/div>\n\t\t\t\t\t<\/div>\n\t\t<\/div>\n\t\t\t\t<div class=\"elementor-column elementor-col-33 elementor-inner-column elementor-element elementor-element-4364e8d\" data-id=\"4364e8d\" data-element_type=\"column\">\n\t\t\t<div class=\"elementor-column-wrap elementor-element-populated\">\n\t\t\t\t\t\t\t<div class=\"elementor-widget-wrap\">\n\t\t\t\t\t\t<div class=\"elementor-element elementor-element-0881007 elementor-aspect-ratio-169 elementor-widget elementor-widget-video\" data-id=\"0881007\" data-element_type=\"widget\" data-settings=\"{&quot;aspect_ratio&quot;:&quot;169&quot;}\" data-widget_type=\"video.default\">\n\t\t\t\t<div class=\"elementor-widget-container\">\n\t\t\t\t\t<div class=\"elementor-wrapper elementor-fit-aspect-ratio elementor-open-inline\">\n\t\t\t<iframe class=\"elementor-video-iframe\" allowfullscreen title=\"Reproductor de v\u00eddeo youtube\" src=\"https:\/\/www.youtube.com\/embed\/XHOmBV4js_E?feature=oembed&amp;start&amp;end&amp;wmode=opaque&amp;loop=0&amp;controls=1&amp;mute=0&amp;rel=0&amp;modestbranding=0\"><\/iframe>\t\t<\/div>\n\t\t\t\t<\/div>\n\t\t\t\t<\/div>\n\t\t\t\t\t\t<\/div>\n\t\t\t\t\t<\/div>\n\t\t<\/div>\n\t\t\t\t\t\t\t\t<\/div>\n\t\t\t\t\t<\/div>\n\t\t<\/section>\n\t\t\t\t\t\t<\/div>\n\t\t\t\t\t<\/div>\n\t\t<\/div>\n\t\t\t\t\t\t\t\t<\/div>\n\t\t\t\t\t<\/div>\n\t\t<\/section>\n\t\t\t\t\t\t<\/div>\n\t\t\t\t\t\t<\/div>\n\t\t\t\t\t<\/div>\n\t\t","protected":false},"excerpt":{"rendered":"<p>SALAS DE CLIMATIZACI\u00d3N SALAS DE CLIMATIZACI\u00d3N (Centro de Datos\/CPD): Nuestro cliente deb\u00eda abordar la climatizaci\u00f3n de una sala repleta de servidores y otros equipamientos inform\u00e1ticos. El poco espacio disponible y la gran cantidad de calor generado por los equipos requiere estudiar el flujo de aire asegurando que la entrada a todos los equipos se mantiene [&hellip;]<\/p>\n","protected":false},"author":1,"featured_media":0,"parent":0,"menu_order":0,"comment_status":"closed","ping_status":"closed","template":"elementor_header_footer","meta":{"footnotes":""},"class_list":["post-45","page","type-page","status-publish","hentry","entry"],"yoast_head":"<!-- This site is optimized with the Yoast SEO plugin v24.9 - https:\/\/yoast.com\/wordpress\/plugins\/seo\/ -->\n<title>salas de climatizacion - FLOWCONTROL<\/title>\n<meta name=\"robots\" content=\"index, follow, max-snippet:-1, max-image-preview:large, max-video-preview:-1\" \/>\n<link rel=\"canonical\" href=\"https:\/\/flowcontroleng.com\/index.php\/salas-de-climatizacion\/\" \/>\n<meta property=\"og:locale\" content=\"es_ES\" \/>\n<meta property=\"og:type\" content=\"article\" \/>\n<meta property=\"og:title\" content=\"salas de climatizacion - FLOWCONTROL\" \/>\n<meta property=\"og:description\" content=\"SALAS DE CLIMATIZACI\u00d3N SALAS DE CLIMATIZACI\u00d3N (Centro de Datos\/CPD): Nuestro cliente deb\u00eda abordar la climatizaci\u00f3n de una sala repleta de servidores y otros equipamientos inform\u00e1ticos. El poco espacio disponible y la gran cantidad de calor generado por los equipos requiere estudiar el flujo de aire asegurando que la entrada a todos los equipos se mantiene [&hellip;]\" \/>\n<meta property=\"og:url\" content=\"https:\/\/flowcontroleng.com\/index.php\/salas-de-climatizacion\/\" \/>\n<meta property=\"og:site_name\" content=\"FLOWCONTROL\" \/>\n<meta property=\"article:modified_time\" content=\"2020-12-11T10:30:44+00:00\" \/>\n<meta property=\"og:image\" content=\"https:\/\/flowcontroleng.com\/wp-content\/uploads\/2020\/12\/4x1.png\" \/>\n<meta name=\"twitter:card\" content=\"summary_large_image\" \/>\n<meta name=\"twitter:label1\" content=\"Tiempo de lectura\" \/>\n\t<meta name=\"twitter:data1\" content=\"1 minuto\" \/>\n<script type=\"application\/ld+json\" class=\"yoast-schema-graph\">{\"@context\":\"https:\/\/schema.org\",\"@graph\":[{\"@type\":\"WebPage\",\"@id\":\"https:\/\/flowcontroleng.com\/index.php\/salas-de-climatizacion\/\",\"url\":\"https:\/\/flowcontroleng.com\/index.php\/salas-de-climatizacion\/\",\"name\":\"salas de climatizacion - FLOWCONTROL\",\"isPartOf\":{\"@id\":\"http:\/\/flowcontroleng.com\/#website\"},\"primaryImageOfPage\":{\"@id\":\"https:\/\/flowcontroleng.com\/index.php\/salas-de-climatizacion\/#primaryimage\"},\"image\":{\"@id\":\"https:\/\/flowcontroleng.com\/index.php\/salas-de-climatizacion\/#primaryimage\"},\"thumbnailUrl\":\"https:\/\/flowcontroleng.com\/wp-content\/uploads\/2020\/12\/4x1.png\",\"datePublished\":\"2020-11-20T13:43:37+00:00\",\"dateModified\":\"2020-12-11T10:30:44+00:00\",\"breadcrumb\":{\"@id\":\"https:\/\/flowcontroleng.com\/index.php\/salas-de-climatizacion\/#breadcrumb\"},\"inLanguage\":\"es\",\"potentialAction\":[{\"@type\":\"ReadAction\",\"target\":[\"https:\/\/flowcontroleng.com\/index.php\/salas-de-climatizacion\/\"]}]},{\"@type\":\"ImageObject\",\"inLanguage\":\"es\",\"@id\":\"https:\/\/flowcontroleng.com\/index.php\/salas-de-climatizacion\/#primaryimage\",\"url\":\"https:\/\/flowcontroleng.com\/wp-content\/uploads\/2020\/12\/4x1.png\",\"contentUrl\":\"https:\/\/flowcontroleng.com\/wp-content\/uploads\/2020\/12\/4x1.png\",\"width\":927,\"height\":789},{\"@type\":\"BreadcrumbList\",\"@id\":\"https:\/\/flowcontroleng.com\/index.php\/salas-de-climatizacion\/#breadcrumb\",\"itemListElement\":[{\"@type\":\"ListItem\",\"position\":1,\"name\":\"Portada\",\"item\":\"https:\/\/flowcontroleng.com\/\"},{\"@type\":\"ListItem\",\"position\":2,\"name\":\"salas de climatizacion\"}]},{\"@type\":\"WebSite\",\"@id\":\"http:\/\/flowcontroleng.com\/#website\",\"url\":\"http:\/\/flowcontroleng.com\/\",\"name\":\"FLOWCONTROL\",\"description\":\"flowcontrol\",\"potentialAction\":[{\"@type\":\"SearchAction\",\"target\":{\"@type\":\"EntryPoint\",\"urlTemplate\":\"http:\/\/flowcontroleng.com\/?s={search_term_string}\"},\"query-input\":{\"@type\":\"PropertyValueSpecification\",\"valueRequired\":true,\"valueName\":\"search_term_string\"}}],\"inLanguage\":\"es\"}]}<\/script>\n<!-- \/ Yoast SEO plugin. -->","yoast_head_json":{"title":"salas de climatizacion - FLOWCONTROL","robots":{"index":"index","follow":"follow","max-snippet":"max-snippet:-1","max-image-preview":"max-image-preview:large","max-video-preview":"max-video-preview:-1"},"canonical":"https:\/\/flowcontroleng.com\/index.php\/salas-de-climatizacion\/","og_locale":"es_ES","og_type":"article","og_title":"salas de climatizacion - FLOWCONTROL","og_description":"SALAS DE CLIMATIZACI\u00d3N SALAS DE CLIMATIZACI\u00d3N (Centro de Datos\/CPD): Nuestro cliente deb\u00eda abordar la climatizaci\u00f3n de una sala repleta de servidores y otros equipamientos inform\u00e1ticos. El poco espacio disponible y la gran cantidad de calor generado por los equipos requiere estudiar el flujo de aire asegurando que la entrada a todos los equipos se mantiene [&hellip;]","og_url":"https:\/\/flowcontroleng.com\/index.php\/salas-de-climatizacion\/","og_site_name":"FLOWCONTROL","article_modified_time":"2020-12-11T10:30:44+00:00","og_image":[{"url":"https:\/\/flowcontroleng.com\/wp-content\/uploads\/2020\/12\/4x1.png","type":"","width":"","height":""}],"twitter_card":"summary_large_image","twitter_misc":{"Tiempo de lectura":"1 minuto"},"schema":{"@context":"https:\/\/schema.org","@graph":[{"@type":"WebPage","@id":"https:\/\/flowcontroleng.com\/index.php\/salas-de-climatizacion\/","url":"https:\/\/flowcontroleng.com\/index.php\/salas-de-climatizacion\/","name":"salas de climatizacion - FLOWCONTROL","isPartOf":{"@id":"http:\/\/flowcontroleng.com\/#website"},"primaryImageOfPage":{"@id":"https:\/\/flowcontroleng.com\/index.php\/salas-de-climatizacion\/#primaryimage"},"image":{"@id":"https:\/\/flowcontroleng.com\/index.php\/salas-de-climatizacion\/#primaryimage"},"thumbnailUrl":"https:\/\/flowcontroleng.com\/wp-content\/uploads\/2020\/12\/4x1.png","datePublished":"2020-11-20T13:43:37+00:00","dateModified":"2020-12-11T10:30:44+00:00","breadcrumb":{"@id":"https:\/\/flowcontroleng.com\/index.php\/salas-de-climatizacion\/#breadcrumb"},"inLanguage":"es","potentialAction":[{"@type":"ReadAction","target":["https:\/\/flowcontroleng.com\/index.php\/salas-de-climatizacion\/"]}]},{"@type":"ImageObject","inLanguage":"es","@id":"https:\/\/flowcontroleng.com\/index.php\/salas-de-climatizacion\/#primaryimage","url":"https:\/\/flowcontroleng.com\/wp-content\/uploads\/2020\/12\/4x1.png","contentUrl":"https:\/\/flowcontroleng.com\/wp-content\/uploads\/2020\/12\/4x1.png","width":927,"height":789},{"@type":"BreadcrumbList","@id":"https:\/\/flowcontroleng.com\/index.php\/salas-de-climatizacion\/#breadcrumb","itemListElement":[{"@type":"ListItem","position":1,"name":"Portada","item":"https:\/\/flowcontroleng.com\/"},{"@type":"ListItem","position":2,"name":"salas de climatizacion"}]},{"@type":"WebSite","@id":"http:\/\/flowcontroleng.com\/#website","url":"http:\/\/flowcontroleng.com\/","name":"FLOWCONTROL","description":"flowcontrol","potentialAction":[{"@type":"SearchAction","target":{"@type":"EntryPoint","urlTemplate":"http:\/\/flowcontroleng.com\/?s={search_term_string}"},"query-input":{"@type":"PropertyValueSpecification","valueRequired":true,"valueName":"search_term_string"}}],"inLanguage":"es"}]}},"_links":{"self":[{"href":"https:\/\/flowcontroleng.com\/index.php\/wp-json\/wp\/v2\/pages\/45","targetHints":{"allow":["GET"]}}],"collection":[{"href":"https:\/\/flowcontroleng.com\/index.php\/wp-json\/wp\/v2\/pages"}],"about":[{"href":"https:\/\/flowcontroleng.com\/index.php\/wp-json\/wp\/v2\/types\/page"}],"author":[{"embeddable":true,"href":"https:\/\/flowcontroleng.com\/index.php\/wp-json\/wp\/v2\/users\/1"}],"replies":[{"embeddable":true,"href":"https:\/\/flowcontroleng.com\/index.php\/wp-json\/wp\/v2\/comments?post=45"}],"version-history":[{"count":26,"href":"https:\/\/flowcontroleng.com\/index.php\/wp-json\/wp\/v2\/pages\/45\/revisions"}],"predecessor-version":[{"id":1500,"href":"https:\/\/flowcontroleng.com\/index.php\/wp-json\/wp\/v2\/pages\/45\/revisions\/1500"}],"wp:attachment":[{"href":"https:\/\/flowcontroleng.com\/index.php\/wp-json\/wp\/v2\/media?parent=45"}],"curies":[{"name":"wp","href":"https:\/\/api.w.org\/{rel}","templated":true}]}}